 h(z) = 9*z**2 - 23*z + 13. Calculate the remainder when h(10) is divided by 114.
113
Let h(i) = i**2 - 11*i + 126. What is the remainder when h(0) is divided by 21?
0
Suppose -1519*r = -1530*r + 1562. Calculate the remainder when r is divided by 34.
6
Let j(w) = 4*w**2 - 21*w - 20. Let r(h) = -2*h**2 + 11*h + 10. Let z(t) = 6*j(t) + 11*r(t). What is the remainder when z(-4) is divided by 16?
10
Suppose 5*j - 2*s - 9 - 106 = 0, 23 = j - 5*s. What is the remainder when j is divided by 6*1 + -44 + 50?
11
What is the remainder when 119/3 + (-2)/(-6) is divided by (-168)/(-224) - (-106)/8?
12
Suppose p + 10 = 10*s - 8*s, 0 = -2*s - 3*p + 26. Calculate the remainder when 390 is divided by s.
5
Suppose 687 = 24*i + 159. Suppose 3*z = o + 34, 3*z - 28 = -0*z + 4*o. What is the remainder when i is divided by z?
10
Suppose 7*r - 2*r = 0, 2*f - 124 = r. Let l = -194 - -278. Suppose -20 = 4*s - l. Calculate the remainder when f is divided by s.
14
Let h(o) = 3*o - 42. What is the remainder when 554 is divided by h(19)?
14
Let k = -239 - -506. What is the remainder when k is divided by 68?
63
Let v(h) = -46*h - 455. Calculate the remainder when 183 is divided by v(-11).
30
Let g(q) = -q**3 - q**2 + 4*q + 1. Let f be g(0). Let p = -17 + 25. Calculate the remainder when -1*(f*-3 + -10 + 1) is divided by p.
4
What is the remainder when 11 is divided by ((-42)/(-35))/((-4)/(-40)*4)?
2
Suppose 2*a = 6, -2*d + 7 + 28 = 3*a. Calculate the remainder when 102 is divided by d.
11
Let t(q) = -q**3 + 11*q**2 + 3*q - 12. Let n = -11 + 22. Suppose -7*b = -6*b - n. What is the remainder when t(b) is divided by 4?
1
Let n = 91 - 50. Suppose -38 = -3*t - 5*r + 15, -3*t + n = 2*r. Let y = -13 - -33. Calculate the remainder when y is divided by t.
9
Let c(j) = j**2 - 34*j + 28. What is the remainder when c(35) is divided by 26?
11
Let d(w) = 4*w**2 + 7. Let h(m) = -m - 2. Suppose -4*k + s = 19, 5*k = 2*s - s - 25. Let l be h(k). What is the remainder when d(l) is divided by 24?
23
Let i = -325 + 418. What is the remainder when i is divided by 27?
12
Let q(d) = 7*d - 17. What is the remainder when q(20) is divided by 25?
23
Let k(g) = -g**2 + 8*g + 94. Calculate the remainder when 117 is divided by k(-6).
7
Let l = -31 + 121. Calculate the remainder when l is divided by -1 + (-4)/4 + 33.
28
Suppose -5*d + 38 = -12. Calculate the remainder when 154 is divided by d.
4
Suppose 0 = -5*v + 9 + 51. What is the remainder when 47 is divided by v?
11
Let k(f) = -2*f**3 - 8*f**2 + 50*f + 10. Calculate the remainder when k(-9) is divided by 12.
10
What is the remainder when 141 is divided by -43 - -170 - 2*-1?
12
Suppose -4*z = -2*z - 0*z. Let r = 36 - z. What is the remainder when r is divided by 19?
17
Let u(d) = 5*d - 27. Let r = 57 + -51. Let t = 2 + 2. Calculate the remainder when t is divided by u(r).
1
Suppose 2*h + 2*h + 4*x - 60 = 0, 0 = -5*h + 4*x + 84. Let a = -12 + h. Suppose 0*b = a*b - 156. What is the remainder when b is divided by 10?
9
Let r(t) = 2*t**2 + 6*t + 13. Let y be r(-5). Let o = 43 - y. Calculate the remainder when 17 is divided by o.
7
Suppose 16 = -3*j + j. Let i be 9/6 - 68/j. Calculate the remainder when 7 is divided by (-2)/i - (-130)/25.
2
Suppose 7*y + 90 = -232. What is the remainder when 91 is divided by y*((-5)/14 + 3/(-21))?
22
Suppose -14 = -3*r + 2*k + 1, 5*r + k = 25. Suppose 5*j - 2*j - 24 = -3*n, 0 = j + r*n - 4. Calculate the remainder when j is divided by ((-8)/(-18)*3)/(1/3).
1
Let s = 52 - -48. What is the remainder when s is divided by 21?
16
Let k = -32 - -37. Suppose -m + k = 3. Let n(t) = 11*t. What is the remainder when 63 is divided by n(m)?
19
Let p = 1042 - 363. Suppose 2*h - 4*k - 1358 = -0*k, -h - 5*k = -p. Suppose -2*o + h = 5*o. What is the remainder when o is divided by 25?
22
Suppose 4*c - 1 = 15. Let u(y) = y**2 - 4*y + 5. Calculate the remainder when u(7) is divided by 8/(-3)*(-21)/c.
12
Let g(r) = 9*r + 3 - r**2 + 0*r**2 + 4*r**2. What is the remainder when g(-4) is divided by 8?
7
Suppose 3*v - 30 + 0 = 0. Calculate the remainder when v is divided by (9/(-12))/(33/(-264)).
4
Let q be (40/18)/(18/81). Let z = 32 - q. What is the remainder when z is divided by 5?
2
Let z = 65 + 263. Suppose 0 = -2*t - 2*t + z. Suppose -2*i - 12 = -t. Calculate the remainder when i is divided by 9.
8
Let l be (120/(-9))/((-2)/6). Suppose o - 6*o + 4*s = l, o + 4*s = -8. Let a = o - -10. Calculate the remainder when 3 is divided by a.
1
Calculate the remainder when (-142)/((-36)/90*(-5)/(-4)) is divided by 100.
84
Suppose 2*r = -r + 3. Let l be 0/(6*r/3). Suppose l = -x - 11 + 31. Calculate the remainder when x is divided by 11.
9
Let b be (-31)/(-11) - 4/(-22). Suppose 0 = 2*k - b*k. What is the remainder when 14 is divided by (2 - 1) + k - -7?
6
Let k = -34 + 1. Let s = k - -42. Calculate the remainder when 15 is divided by s.
6
Let w be -2 - -12 - -2*(-6)/4. Calculate the remainder when (-28)/w - (-159 - -1) is divided by 31.
30
Let i(r) = 7*r**3 - 2*r**2 + r + 2. Suppose 0 = 4*q + 47 + 1. Let x = 6 - q. What is the remainder when i(2) is divided by x?
16
Suppose 0 = -p - 2*p + 261. Let o = 1953 - 1931. What is the remainder when p is divided by o?
21
Let q(y) = y**3 - 8*y**2 - 7*y - 16. Calculate the remainder when q(10) is divided by 15.
9
Let b(x) = 4*x**2 + 12*x - 12. Calculate the remainder when b(7) is divided by 68.
64
Let m(k) = 7*k - 2. Let j(w) = -w**2 - 2*w + 29. Let n(x) = x**2 + 4*x - 29. Let u(q) = 6*j(q) + 5*n(q). What is the remainder when m(5) is divided by u(10)?
6
Let i = 12 - 5. Let n(w) = -w**2 + 8*w - 5. Suppose 4*l - 29 = -3*c, 0 = 3*l - 5*l + 10. Calculate the remainder when c is divided by n(i).
1
Let r(i) be the third derivative of 0*i + 1/60*i**5 - 3*i**2 + 1/12*i**4 + 0 + 1/3*i**3. What is the remainder when r(0) is divided by 2?
0
Let i(u) = u**2 + 6*u + 5. Let t be i(-7). Suppose -2*g + t = -d + 5*d, -5*g = 3*d + 5. What is the remainder when 33 is divided by (-6)/(72/15)*g?
3
Let r(v) = -2*v**3 - v**2 - 3*v - 1. Let h be (-14)/10 - 0 - (-3)/(-5). Calculate the remainder when r(h) is divided by 2.
1
Suppose -16*c + 483 = 7*c. Calculate the remainder when 46 is divided by c.
4
Let f(l) = -80*l - 636. Calculate the remainder when 123 is divided by f(-8).
3
Let d(i) = i**3 + 22*i**2 - 78*i - 41. What is the remainder when 336 is divided by d(-25)?
30
Let t(r) = r**3 + 15*r**2 - 18*r - 10. Calculate the remainder when t(-15) is divided by 88.
84
Suppose 2*q = 7*q - 285. Suppose 0 = -3*c - 24, 2*c = -33*z + 35*z - 58. Calculate the remainder when q is divided by z.
15
Suppose 4*x = -b + 387 - 72, 2*x + 3*b = 155. Calculate the remainder when 160 is divided by x.
2
Suppose -3*m + 213 = -927. Suppose 3*d - 3*z = -6*z - 204, -3*z = -5*d - m. Let h = d + 160. What is the remainder when h is divided by 22?
21
Let m(o) = -o**2 + 13*o - 12. Let x be m(11). Suppose -2*g = -0*g - x. Suppose g*v = 4*v + 38. What is the remainder when v is divided by 13?
12
Suppose 5*h - 20 - 5 = -5*s, 3*h - 7 = 5*s. Suppose -3 = -3*g, -h*k - 25 = -k - g. Let d = 3 - k. What is the remainder when 41 is divided by d?
8
Suppose -36070 + 5644 = -33*s. Calculate the remainder when s is divided by 22.
20
Let b(y) = 2*y - 1270 + 1273 + 0*y + 3*y. What is the remainder when 5 is divided by b(0)?
2
Suppose 17*v = 35*v - 4842. What is the remainder when v is divided by 10?
9
Let i(t) = -3*t**2 + 38*t - 54. Let j = 135 + -63. What is the remainder when j is divided by i(10)?
20
Suppose -p + 1 = -5*z + 37, -3*p + 12 = 0. Let h be 778/z - (-27)/36. Suppose -h - 18 = -4*u. What is the remainder when u is divided by 11?
7
Suppose 1140 = 9*w - 1245. What is the remainder when w is divided by 39?
31
Suppose -2*t - 45 + 169 = 0. Suppose 4*r = t + 274. What is the remainder when r is divided by 43?
41
Let v = -41 + 81. What is the remainder when 108/2 + v/(-10) is divided by 19?
12
Suppose -5*g + 5*d = -3 - 7, 2*g - 2 = 4*d. Calculate the remainder when 23 is divided by g.
2
Suppose -4*m + 225 = -m. Let i = -2111 - -2130. What is the remainder when m is divided by i?
18
Let n(a) = 4*a**2 - 5*a - 35. Calculate the remainder when 31 is divided by n(-3).
15
Suppose 0 = 17*z + 16*z - 2145. What is the remainder when 249 is divided by z?
54
Suppose -6*v + v = 